{"id":34,"date":"2018-05-24T13:30:12","date_gmt":"2018-05-24T12:30:12","guid":{"rendered":"http:\/\/greenhill.de\/?page_id=34"},"modified":"2025-08-29T14:41:11","modified_gmt":"2025-08-29T13:41:11","slug":"legal-2","status":"publish","type":"page","link":"https:\/\/greenhill.de\/?page_id=34","title":{"rendered":"Imprint"},"content":{"rendered":"<p><strong>Impressum \u00a7 5 DDG<\/strong><\/p>\n<p>Rechtsform, Registrierung, Sitz:<br \/>\nGreenHill Elektronik GmbH<br \/>\nGesch\u00e4ftssitz: Bahnhofstra\u00dfe 17, 35305 Gr\u00fcnberg<br \/>\nRegistergericht: Amtsgericht Gie\u00dfen<br \/>\nRegisternummer: HRB 2924<\/p>\n<p>Postanschrift:<br \/>\nBahnhofstra\u00dfe 17, 35305 Gr\u00fcnberg<\/p>\n<p>Kontakt:<br \/>\nTelefon: +49 6401 225 99 0<br \/>\nTelefax: +49 6401 225 99 39<br \/>\nE-Mail: info@greenhill.de<\/p>\n<p>Vertretungsberechtigte Gesch\u00e4ftsf\u00fchrer:<br \/>\nM. L. Alexander Tischer<br \/>\nAngelika Tischer M.A.<\/p>\n<p>Umsatzsteuer-Identifikationsnummer gem\u00e4\u00df \u00a7 27a Umsatzsteuergesetz:<br \/>\nDE185157167<\/p>\n<p>Streitschlichtung:<br \/>\nWir sind weder bereit noch verpflichtet, an Streitbeilegungsverfahren vor einer Verbraucherschlichtungsstelle teilzunehmen.<\/p>\n<p>Urheberrecht:<br \/>\nDie auf unserer Internetseite vorhandenen Texte, Bilder, Fotos, Videos oder Grafiken unterliegen in der Regel dem Schutz des Urheberrechts. Jede unberechtigte Verwendung (insbesondere die Vervielf\u00e4ltigung, Bearbeitung oder Verbreitung) dieser urheberrechtsgesch\u00fctzten Inhalte ist daher untersagt. Wenn Sie beabsichtigen, diese Inhalte oder Teile davon zu verwenden, kontaktieren Sie uns bitte im Voraus unter den obenstehenden Angaben. Soweit wir nicht selbst Inhaber der ben\u00f6tigten urheberrechtlichen Nutzungsrechte sein sollten, bem\u00fchen wir uns, einen Kontakt zum Berechtigten zu vermitteln.<\/p>\n","protected":false},"excerpt":{"rendered":"<p>Impressum \u00a7 5 DDG Rechtsform, Registrierung, Sitz: GreenHill Elektronik GmbH Gesch\u00e4ftssitz: Bahnhofstra\u00dfe 17, 35305 Gr\u00fcnberg Registergericht: Amtsgericht Gie\u00dfen Registernummer: HRB 2924 Postanschrift: Bahnhofstra\u00dfe 17, 35305 Gr\u00fcnberg Kontakt: Telefon: +49 6401 225 99 0 Telefax: +49 6401 225 99 39 E-Mail: info@greenhill.de Vertretungsberechtigte Gesch\u00e4ftsf\u00fchrer: M. L. Alexander Tischer Angelika Tischer M.A. Umsatzsteuer-Identifikationsnummer gem\u00e4\u00df \u00a7 27a Umsatzsteuergesetz: &#8230; <a title=\"Imprint\" class=\"read-more\" href=\"https:\/\/greenhill.de\/?page_id=34\" aria-label=\"Read more about Imprint\">Read more<\/a><\/p>\n","protected":false},"author":1,"featured_media":0,"parent":0,"menu_order":0,"comment_status":"closed","ping_status":"closed","template":"","meta":{"footnotes":""},"class_list":["post-34","page","type-page","status-publish"],"_links":{"self":[{"href":"https:\/\/greenhill.de\/index.php?rest_route=\/wp\/v2\/pages\/34","targetHints":{"allow":["GET"]}}],"collection":[{"href":"https:\/\/greenhill.de\/index.php?rest_route=\/wp\/v2\/pages"}],"about":[{"href":"https:\/\/greenhill.de\/index.php?rest_route=\/wp\/v2\/types\/page"}],"author":[{"embeddable":true,"href":"https:\/\/greenhill.de\/index.php?rest_route=\/wp\/v2\/users\/1"}],"replies":[{"embeddable":true,"href":"https:\/\/greenhill.de\/index.php?rest_route=%2Fwp%2Fv2%2Fcomments&post=34"}],"version-history":[{"count":3,"href":"https:\/\/greenhill.de\/index.php?rest_route=\/wp\/v2\/pages\/34\/revisions"}],"predecessor-version":[{"id":43,"href":"https:\/\/greenhill.de\/index.php?rest_route=\/wp\/v2\/pages\/34\/revisions\/43"}],"wp:attachment":[{"href":"https:\/\/greenhill.de\/index.php?rest_route=%2Fwp%2Fv2%2Fmedia&parent=34"}],"curies":[{"name":"wp","href":"https:\/\/api.w.org\/{rel}","templated":true}]}}